ivide 7310?
False
Does 3 divide 44?
False
Is 914 a multiple of 3?
False
Is 13 a factor of 1629?
False
Is 22 a factor of 1760?
True
Does 21 divide 36289?
False
Does 11 divide 976?
False
Does 5 divide 855?
True
Is 24 a factor of 2616?
True
Is 9 a factor of 2603?
False
Does 4 divide 170?
False
Does 17 divide 646?
True
Is 11720 a multiple of 40?
True
Is 11 a factor of 14861?
True
Does 18 divide 4212?
True
Is 38 a factor of 798?
True
Is 442 a multiple of 27?
False
Is 131 a multiple of 10?
False
Is 796 a multiple of 21?
False
Is 1726 a multiple of 76?
False
Does 113 divide 1356?
True
Is 2 a factor of 1031?
False
Is 14 a factor of 10287?
False
Does 42 divide 1258?
False
Is 5 a factor of 5412?
False
Does 115 divide 14693?
False
Is 3055 a multiple of 12?
False
Is 117 a factor of 7254?
True
Is 118 a factor of 4720?
True
Does 12 divide 120?
True
Does 20 divide 12940?
True
Is 60 a multiple of 4?
True
Is 153 a multiple of 51?
True
Is 2549 a multiple of 9?
False
Is 15022 a multiple of 170?
False
Does 3 divide 1938?
True
Is 24 a factor of 12888?
True
Does 8 divide 212?
False
Is 1023 a multiple of 14?
False
Is 6552 a multiple of 3?
True
Is 168 a multiple of 12?
True
Is 31186 a multiple of 173?
False
Is 17 a factor of 6668?
False
Does 333 divide 59274?
True
Is 736 a multiple of 32?
True
Is 5 a factor of 9979?
False
Does 12 divide 7284?
True
Does 184 divide 14247?
False
Is 2656 a multiple of 32?
True
Is 153 a factor of 1071?
True
Is 1152 a multiple of 72?
True
Does 39 divide 4875?
True
Is 109 a factor of 99524?
False
Is 9 a factor of 2439?
True
Is 124 a factor of 22072?
True
Is 7573 a multiple of 15?
False
Does 6 divide 975?
False
Does 22 divide 8844?
True
Is 11 a factor of 887?
False
Is 372 a multiple of 6?
True
Is 13 a factor of 2144?
False
Is 12 a multiple of 2?
True
Is 2166 a multiple of 94?
False
Does 25 divide 1025?
True
Is 43 a factor of 387?
True
Does 4 divide 648?
True
Is 75 a factor of 15750?
True
Is 1753 a multiple of 5?
False
Is 101 a multiple of 7?
False
Does 96 divide 5664?
True
Is 100 a factor of 896?
False
Is 18 a factor of 40284?
True
Does 21 divide 11655?
True
Is 17 a factor of 5770?
False
Does 29 divide 776?
False
Does 22 divide 1056?
True
Does 7 divide 2430?
False
Is 26 a factor of 1922?
False
Is 70 a factor of 15680?
True
Is 13 a factor of 55?
False
Is 1440 a multiple of 12?
True
Is 209 a factor of 728?
False
Does 2 divide 228?
True
Is 29 a factor of 1436?
False
Does 107 divide 16692?
True
Is 417 even?
False
Is 3 a factor of 777?
True
Is 5623 a multiple of 6?
False
Does 3 divide 930?
True
Is 21084 a multiple of 84?
True
Is 180 a multiple of 12?
True
Is 9 a factor of 41418?
True
Is 616 a multiple of 28?
True
Is 2 a factor of 3418?
True
Is 6751 a multiple of 2?
False
Is 80136 a multiple of 9?
True
Is 9 a factor of 3717?
True
Is 37 a multiple of 10?
False
Is 69 a factor of 1862?
False
Is 2580 a multiple of 25?
False
Is 62 a factor of 784?
False
Does 5 divide 195?
True
Is 156 a factor of 10920?
True
Is 9 a factor of 15?
False
Does 17 divide 34?
True
Is 24613 a multiple of 24?
False
Is 4307 a multiple of 18?
False
Does 96 divide 42777?
False
Does 54 divide 412?
False
Is 32 a factor of 1440?
True
Is 19 a factor of 798?
True
Does 10 divide 6610?
True
Is 59 a factor of 5546?
True
Is 5 a factor of 50540?
True
Is 232 a factor of 11136?
True
Is 58397 a multiple of 20?
False
Is 15 a factor of 1897?
False
Is 356 a multiple of 32?
False
Is 50 a factor of 6750?
True
Does 32 divide 55857?
False
Is 7 a factor of 14836?
False
Is 59 a factor of 3717?
True
Is 198 a multiple of 8?
False
Does 5 divide 124?
False
Is 31312 a multiple of 73?
False
Is 810 a multiple of 18?
True
Does 7 divide 6851?
False
Is 5 a factor of 11169?
False
Does 61 divide 4720?
False
Does 13 divide 11895?
True
Does 16 divide 3106?
False
Does 19 divide 2052?
True
Is 13 a factor of 884?
True
Is 5 a factor of 1330?
True
Is 26 a factor of 21889?
False
Is 8 a factor of 10112?
True
Is 119 a factor of 1547?
True
Is 151 a factor of 3775?
True
Is 173 a factor of 26469?
True
Is 26 a factor of 2658?
False
Is 425 a factor of 58743?
False
Is 5 a factor of 15237?
False
Does 24 divide 37177?
False
Does 23 divide 345?
True
Is 21 a factor of 2499?
True
Is 11359 a multiple of 114?
False
Does 35 divide 1155?
True
Is 40532 a multiple of 29?
False
Is 15 a factor of 3735?
True
Does 69 divide 49749?
True
Is 72 a factor of 144?
True
Is 6 a factor of 171?
False
Does 9 divide 4390?
False
Does 28 divide 54180?
True
Does 24 divide 34088?
False
Does 2 divide 63?
False
Does 15 divide 7044?
False
Is 66 a multiple of 6?
True
Does 11 divide 2167?
True
Is 52 a factor of 53416?
False
Is 62 a factor of 5394?
True
Is 20 a factor of 173928?
False
Is 193 a multiple of 3?
False
Does 17 divide 261?
False
Is 3 a factor of 344?
False
Is 2646 a multiple of 42?
True
Is 203 a factor of 72471?
True
Is 56 a factor of 382?
False
Does 45 divide 5546?
False
Does 44 divide 3300?
True
Is 45212 a multiple of 65?
False
Is 74600 a multiple of 100?
True
Does 54 divide 18576?
True
Is 7796 a multiple of 24?
False
Does 10 divide 940?
True
Is 8258 a multiple of 19?
False
Is 4656 a multiple of 48?
True
Is 36 a factor of 1419?
False
Is 36060 a multiple of 20?
True
Does 34 divide 166731?
False
Is 19 a factor of 912?
True
Is 104 a multiple of 52?
True
Is 13 a factor of 8265?
False
Is 25162 a multiple of 23?
True
Does 2 divide 2366?
True
Is 15 a factor of 915?
True
Is 57 a factor of 1881?
True
Does 9 divide 23697?
True
Does 99 divide 3366?
True
Is 124 a multiple of 31?
True
Does 24 divide 10673?
False
Is 285 a factor of 36902?
False
Is 2203 a multiple of 7?
False
Is 10329 a multiple of 7?
False
Is 85323 a multiple of 357?
True
Does 2 divide 14590?
True
Is 7 a factor of 381?
False
Is 44 a factor of 1798?
False
Is 50 a factor of 21848?
False
Is 71 a factor of 46931?
True
Does 7 divide 9696?
False
Does 12 divide 46857?
False
Does 87 divide 64290?
False
Does 5 divide 50?
True
Is 7 a factor of 294?
True
Is 13 a factor of 35490?
True
Is 3 a factor of 60?
True
Is 16 a factor of 1802?
False
Does 11 divide 7535?
True
Is 5899 a multiple of 17?
True
Does 5 divide 695?
True
Is 16 a factor of 848?
True
Is 59 a factor of 7198?
True
Is 32 a factor of 1120?
True
Does 5 divide 240?
True
Is 5865 a multiple of 23?
True
Does 132 divide 6518?
False
Does 32 divide 6505?
False
Does 8 divide 53408?
True
Is 34 a factor of 10634?
False
Is 1874 a multiple of 19?
False
Is 135 a factor of 68175?
True
Does 14 divide 93016?
True
Does 58 divide 8526?
True
Is 14544 a multiple of 72?
True
Is 8 a factor of 3658?
False
Is 499 a multiple of 6?
False
Does 46 divide 290?
False
Is 23598 a multiple of 46?
True
Is 434 a multiple of 31?
True
Is 2312 a multiple of 18?
False
Is 29907 a multiple of 342?
False
Does 27 divide 7071?
False
Is 37 a factor of 1231?
False
Is 5211 a multiple of 27?
True
Is 6 a factor of 3632?
False
Is 182 a multiple of 13?
True
Does 38 divide 98?
False
Is 88 a factor of 17336?
True
Is 69 a factor of 16077?
True
Is 900 a multiple of 15?
True
Is 39494 a multiple of 137?
False
Does 15 divide 390?
True
Does 26 divide 6096?
False
Is 27 a factor of 2565?
True
Is 25 a factor of 2665?
False
Is 2 a factor of 232?
True
Does 21 divide 2017?
False
Is 28 a factor of 280?
True
Is 15 a factor of 11820?
True
Is 25 a factor of 2009?
False
Is 45 a multiple of 2?
False
Is 7 a factor of 8513?
False
Does 27 divide 660?
False
Is 1495 a multiple of 115?
True
Is 21 a factor of 9792?
False
Does 69 divide 2707?
False
Is 8673 a multiple of 59?
True
Is 2048 a multiple of 64?
True
Is 1480 a multiple of 10?
True
Does 13 divide 20293?
True
Does 14 divide 39830?
True
Does 10 divide 360?
True
Does 32 divide 1024?
True
Does 21 divide 4162?
False
Is 74 a factor of 89540?
True
Is 14 a factor of 2128?
True
Does 14 divide 101920?
True
Is 12096 a multiple of 72?
True
Is 62 a factor of 9734?
True
Is 445 a multiple of 4?
False
Is 24 a factor of 2568?
True
Is 17 a factor of 3043?
True
Does 14 divide 4091?
False
Is 60 a multiple of 2?
True
Does 11 divide 178?
False
Is 2409 a multiple of 33?
True
Is 4898 a multiple of 79?
True
Does 141 divide 141?
True
Does 13 divide 59754?
False
Is 10 a factor of 212?
False
Is 813 a multiple of 10?
False
Does 5 divide 2651?
False
Is 69 a factor of 2516?
False
Does 95 divide 1547